{"id":10424,"date":"2022-07-20T18:12:36","date_gmt":"2022-07-20T16:12:36","guid":{"rendered":"https:\/\/pfadimurten.ch\/?page_id=10424"},"modified":"2022-07-20T18:32:23","modified_gmt":"2022-07-20T16:32:23","slug":"mova-blog","status":"publish","type":"page","link":"https:\/\/pfadimurten.ch\/index.php\/mova-blog\/","title":{"rendered":"Mova Blog"},"content":{"rendered":"\t\t<div data-elementor-type=\"wp-page\" data-elementor-id=\"10424\" class=\"elementor elementor-10424\" data-elementor-post-type=\"page\">\n\t\t\t\t\t\t<section class=\"elementor-section elementor-top-section elementor-element elementor-element-fa95fea elementor-section-boxed elementor-section-height-default elementor-section-height-default\" data-id=\"fa95fea\" data-element_type=\"section\">\n\t\t\t\t\t\t<div class=\"elementor-container elementor-column-gap-default\">\n\t\t\t\t\t<div class=\"elementor-column elementor-col-100 elementor-top-column elementor-element elementor-element-440df83\" data-id=\"440df83\" data-element_type=\"column\">\n\t\t\t<div class=\"elementor-widget-wrap elementor-element-populated\">\n\t\t\t\t\t\t<div class=\"elementor-element elementor-element-f204afa elementor-grid-3 elementor-grid-tablet-2 elementor-grid-mobile-1 elementor-posts--thumbnail-top elementor-widget elementor-widget-posts\" data-id=\"f204afa\" data-element_type=\"widget\" data-settings=\"{&quot;classic_columns&quot;:&quot;3&quot;,&quot;classic_columns_tablet&quot;:&quot;2&quot;,&quot;classic_columns_mobile&quot;:&quot;1&quot;,&quot;classic_row_gap&quot;:{&quot;unit&quot;:&quot;px&quot;,&quot;size&quot;:35,&quot;sizes&quot;:[]},&quot;classic_row_gap_tablet&quot;:{&quot;unit&quot;:&quot;px&quot;,&quot;size&quot;:&quot;&quot;,&quot;sizes&quot;:[]},&quot;classic_row_gap_mobile&quot;:{&quot;unit&quot;:&quot;px&quot;,&quot;size&quot;:&quot;&quot;,&quot;sizes&quot;:[]}}\" data-widget_type=\"posts.classic\">\n\t\t\t\t<div class=\"elementor-widget-container\">\n\t\t\t\t\t<div class=\"elementor-posts-container elementor-posts elementor-posts--skin-classic elementor-grid\">\n\t\t\t\t<article class=\"elementor-post elementor-grid-item post-10720 post type-post status-publish format-gallery has-post-thumbnail hentry category-galerie category-mova category-pfadistufe post_format-post-format-gallery\">\n\t\t\t\t<a class=\"elementor-post__thumbnail__link\" href=\"https:\/\/pfadimurten.ch\/index.php\/2022\/08\/11\/bula-2022-pfader-fotos\/\" tabindex=\"-1\" >\n\t\t\t<div class=\"elementor-post__thumbnail\"><img fetchpriority=\"high\" decoding=\"async\" width=\"300\" height=\"200\" src=\"https:\/\/pfadimurten.ch\/wp-content\/uploads\/2022\/08\/DSC04026-300x200.png\" class=\"attachment-medium size-medium wp-image-10727\" alt=\"\" srcset=\"https:\/\/pfadimurten.ch\/wp-content\/uploads\/2022\/08\/DSC04026-300x200.png 300w, https:\/\/pfadimurten.ch\/wp-content\/uploads\/2022\/08\/DSC04026-1024x684.png 1024w, https:\/\/pfadimurten.ch\/wp-content\/uploads\/2022\/08\/DSC04026-768x513.png 768w, https:\/\/pfadimurten.ch\/wp-content\/uploads\/2022\/08\/DSC04026-1536x1027.png 1536w, https:\/\/pfadimurten.ch\/wp-content\/uploads\/2022\/08\/DSC04026-600x401.png 600w, https:\/\/pfadimurten.ch\/wp-content\/uploads\/2022\/08\/DSC04026.png 1616w\" sizes=\"(max-width: 300px) 100vw, 300px\" \/><\/div>\n\t\t<\/a>\n\t\t\t\t<div class=\"elementor-post__text\">\n\t\t\t\t<h3 class=\"elementor-post__title\">\n\t\t\t<a href=\"https:\/\/pfadimurten.ch\/index.php\/2022\/08\/11\/bula-2022-pfader-fotos\/\" >\n\t\t\t\tBuLa 2022 Fotos Pfadistufe\t\t\t<\/a>\n\t\t<\/h3>\n\t\t\t\t<div class=\"elementor-post__meta-data\">\n\t\t\t\t\t<span class=\"elementor-post-date\">\n\t\t\t11. August 2022\t\t<\/span>\n\t\t\t\t<span class=\"elementor-post-avatar\">\n\t\t\tKeine Kommentare\t\t<\/span>\n\t\t\t\t<\/div>\n\t\t\t\t<div class=\"elementor-post__excerpt\">\n\t\t\t<p>Die Pfader im Bundeslager 2022<\/p>\n\t\t<\/div>\n\t\t\n\t\t<a class=\"elementor-post__read-more\" href=\"https:\/\/pfadimurten.ch\/index.php\/2022\/08\/11\/bula-2022-pfader-fotos\/\" aria-label=\"Read more about BuLa 2022 Fotos Pfadistufe\" tabindex=\"-1\" >\n\t\t\tWeiterlesen &gt;\t\t<\/a>\n\n\t\t\t\t<\/div>\n\t\t\t\t<\/article>\n\t\t\t\t<article class=\"elementor-post elementor-grid-item post-10596 post type-post status-publish format-standard has-post-thumbnail hentry category-mova\">\n\t\t\t\t<a class=\"elementor-post__thumbnail__link\" href=\"https:\/\/pfadimurten.ch\/index.php\/2022\/07\/31\/woche-1-pfadistufe\/\" tabindex=\"-1\" >\n\t\t\t<div class=\"elementor-post__thumbnail\"><img decoding=\"async\" width=\"300\" height=\"200\" src=\"https:\/\/pfadimurten.ch\/wp-content\/uploads\/2022\/07\/IMG_3164-300x200.jpg\" class=\"attachment-medium size-medium wp-image-10599\" alt=\"\" srcset=\"https:\/\/pfadimurten.ch\/wp-content\/uploads\/2022\/07\/IMG_3164-300x200.jpg 300w, https:\/\/pfadimurten.ch\/wp-content\/uploads\/2022\/07\/IMG_3164-1024x683.jpg 1024w, https:\/\/pfadimurten.ch\/wp-content\/uploads\/2022\/07\/IMG_3164-768x512.jpg 768w, https:\/\/pfadimurten.ch\/wp-content\/uploads\/2022\/07\/IMG_3164-1536x1024.jpg 1536w, https:\/\/pfadimurten.ch\/wp-content\/uploads\/2022\/07\/IMG_3164-2048x1365.jpg 2048w, https:\/\/pfadimurten.ch\/wp-content\/uploads\/2022\/07\/IMG_3164-600x400.jpg 600w\" sizes=\"(max-width: 300px) 100vw, 300px\" \/><\/div>\n\t\t<\/a>\n\t\t\t\t<div class=\"elementor-post__text\">\n\t\t\t\t<h3 class=\"elementor-post__title\">\n\t\t\t<a href=\"https:\/\/pfadimurten.ch\/index.php\/2022\/07\/31\/woche-1-pfadistufe\/\" >\n\t\t\t\tWoche 1 Pfadistufe\t\t\t<\/a>\n\t\t<\/h3>\n\t\t\t\t<div class=\"elementor-post__meta-data\">\n\t\t\t\t\t<span class=\"elementor-post-date\">\n\t\t\t31. Juli 2022\t\t<\/span>\n\t\t\t\t<span class=\"elementor-post-avatar\">\n\t\t\tKeine Kommentare\t\t<\/span>\n\t\t\t\t<\/div>\n\t\t\t\t<div class=\"elementor-post__excerpt\">\n\t\t\t\t\t<\/div>\n\t\t\n\t\t<a class=\"elementor-post__read-more\" href=\"https:\/\/pfadimurten.ch\/index.php\/2022\/07\/31\/woche-1-pfadistufe\/\" aria-label=\"Read more about Woche 1 Pfadistufe\" tabindex=\"-1\" >\n\t\t\tWeiterlesen &gt;\t\t<\/a>\n\n\t\t\t\t<\/div>\n\t\t\t\t<\/article>\n\t\t\t\t<article class=\"elementor-post elementor-grid-item post-10580 post type-post status-publish format-standard has-post-thumbnail hentry category-mova category-wolfsstufe\">\n\t\t\t\t<a class=\"elementor-post__thumbnail__link\" href=\"https:\/\/pfadimurten.ch\/index.php\/2022\/07\/27\/woelfe-26-7\/\" tabindex=\"-1\" >\n\t\t\t<div class=\"elementor-post__thumbnail\"><img decoding=\"async\" width=\"300\" height=\"225\" src=\"https:\/\/pfadimurten.ch\/wp-content\/uploads\/2022\/07\/photo_2022-07-27_09-06-31-300x225.jpg\" class=\"attachment-medium size-medium wp-image-10579\" alt=\"\" srcset=\"https:\/\/pfadimurten.ch\/wp-content\/uploads\/2022\/07\/photo_2022-07-27_09-06-31-300x225.jpg 300w, https:\/\/pfadimurten.ch\/wp-content\/uploads\/2022\/07\/photo_2022-07-27_09-06-31-1024x768.jpg 1024w, https:\/\/pfadimurten.ch\/wp-content\/uploads\/2022\/07\/photo_2022-07-27_09-06-31-768x576.jpg 768w, https:\/\/pfadimurten.ch\/wp-content\/uploads\/2022\/07\/photo_2022-07-27_09-06-31-600x450.jpg 600w, https:\/\/pfadimurten.ch\/wp-content\/uploads\/2022\/07\/photo_2022-07-27_09-06-31.jpg 1280w\" sizes=\"(max-width: 300px) 100vw, 300px\" \/><\/div>\n\t\t<\/a>\n\t\t\t\t<div class=\"elementor-post__text\">\n\t\t\t\t<h3 class=\"elementor-post__title\">\n\t\t\t<a href=\"https:\/\/pfadimurten.ch\/index.php\/2022\/07\/27\/woelfe-26-7\/\" >\n\t\t\t\tW\u00f6lfe &#8211; 26.7.\t\t\t<\/a>\n\t\t<\/h3>\n\t\t\t\t<div class=\"elementor-post__meta-data\">\n\t\t\t\t\t<span class=\"elementor-post-date\">\n\t\t\t27. Juli 2022\t\t<\/span>\n\t\t\t\t<span class=\"elementor-post-avatar\">\n\t\t\tKeine Kommentare\t\t<\/span>\n\t\t\t\t<\/div>\n\t\t\t\t<div class=\"elementor-post__excerpt\">\n\t\t\t<p>Nachdem wir heute Morgen nicht ganz so fr\u00fch geweckt wurden, haben wir Butter, Brot und Confi zum Zmorge gegessen. Danach sind wir mit dem Zug<\/p>\n\t\t<\/div>\n\t\t\n\t\t<a class=\"elementor-post__read-more\" href=\"https:\/\/pfadimurten.ch\/index.php\/2022\/07\/27\/woelfe-26-7\/\" aria-label=\"Read more about W\u00f6lfe &#8211; 26.7.\" tabindex=\"-1\" >\n\t\t\tWeiterlesen &gt;\t\t<\/a>\n\n\t\t\t\t<\/div>\n\t\t\t\t<\/article>\n\t\t\t\t<article class=\"elementor-post elementor-grid-item post-10565 post type-post status-publish format-standard has-post-thumbnail hentry category-mova category-wolfsstufe\">\n\t\t\t\t<a class=\"elementor-post__thumbnail__link\" href=\"https:\/\/pfadimurten.ch\/index.php\/2022\/07\/26\/woelfe-25-7\/\" tabindex=\"-1\" >\n\t\t\t<div class=\"elementor-post__thumbnail\"><img loading=\"lazy\" decoding=\"async\" width=\"300\" height=\"225\" src=\"https:\/\/pfadimurten.ch\/wp-content\/uploads\/2022\/07\/WhatsApp-Image-2022-07-25-at-13.50.53-300x225.jpeg\" class=\"attachment-medium size-medium wp-image-10573\" alt=\"\" srcset=\"https:\/\/pfadimurten.ch\/wp-content\/uploads\/2022\/07\/WhatsApp-Image-2022-07-25-at-13.50.53-300x225.jpeg 300w, https:\/\/pfadimurten.ch\/wp-content\/uploads\/2022\/07\/WhatsApp-Image-2022-07-25-at-13.50.53-1024x768.jpeg 1024w, https:\/\/pfadimurten.ch\/wp-content\/uploads\/2022\/07\/WhatsApp-Image-2022-07-25-at-13.50.53-768x576.jpeg 768w, https:\/\/pfadimurten.ch\/wp-content\/uploads\/2022\/07\/WhatsApp-Image-2022-07-25-at-13.50.53-1536x1152.jpeg 1536w, https:\/\/pfadimurten.ch\/wp-content\/uploads\/2022\/07\/WhatsApp-Image-2022-07-25-at-13.50.53-600x450.jpeg 600w, https:\/\/pfadimurten.ch\/wp-content\/uploads\/2022\/07\/WhatsApp-Image-2022-07-25-at-13.50.53.jpeg 2048w\" sizes=\"(max-width: 300px) 100vw, 300px\" \/><\/div>\n\t\t<\/a>\n\t\t\t\t<div class=\"elementor-post__text\">\n\t\t\t\t<h3 class=\"elementor-post__title\">\n\t\t\t<a href=\"https:\/\/pfadimurten.ch\/index.php\/2022\/07\/26\/woelfe-25-7\/\" >\n\t\t\t\tW\u00f6lfe &#8211; 25.7.\t\t\t<\/a>\n\t\t<\/h3>\n\t\t\t\t<div class=\"elementor-post__meta-data\">\n\t\t\t\t\t<span class=\"elementor-post-date\">\n\t\t\t26. Juli 2022\t\t<\/span>\n\t\t\t\t<span class=\"elementor-post-avatar\">\n\t\t\tKeine Kommentare\t\t<\/span>\n\t\t\t\t<\/div>\n\t\t\t\t<div class=\"elementor-post__excerpt\">\n\t\t\t<p>Heute sind wir fr\u00fch aufgestanden (6.15). Dann haben wir gefr\u00fchst\u00fcckt und sind Richtung BuLavard losgelaufen. Dort haben wir Kr\u00e4utersalbe und -guezli gemacht. Nun wissen wir,<\/p>\n\t\t<\/div>\n\t\t\n\t\t<a class=\"elementor-post__read-more\" href=\"https:\/\/pfadimurten.ch\/index.php\/2022\/07\/26\/woelfe-25-7\/\" aria-label=\"Read more about W\u00f6lfe &#8211; 25.7.\" tabindex=\"-1\" >\n\t\t\tWeiterlesen &gt;\t\t<\/a>\n\n\t\t\t\t<\/div>\n\t\t\t\t<\/article>\n\t\t\t\t<article class=\"elementor-post elementor-grid-item post-10550 post type-post status-publish format-standard has-post-thumbnail hentry category-mova category-wolfsstufe\">\n\t\t\t\t<a class=\"elementor-post__thumbnail__link\" href=\"https:\/\/pfadimurten.ch\/index.php\/2022\/07\/25\/wolf\/\" tabindex=\"-1\" >\n\t\t\t<div class=\"elementor-post__thumbnail\"><img loading=\"lazy\" decoding=\"async\" width=\"225\" height=\"300\" src=\"https:\/\/pfadimurten.ch\/wp-content\/uploads\/2022\/07\/WhatsApp-Image-2022-07-25-at-13.50.51-2-225x300.jpeg\" class=\"attachment-medium size-medium wp-image-10554\" alt=\"\" srcset=\"https:\/\/pfadimurten.ch\/wp-content\/uploads\/2022\/07\/WhatsApp-Image-2022-07-25-at-13.50.51-2-225x300.jpeg 225w, https:\/\/pfadimurten.ch\/wp-content\/uploads\/2022\/07\/WhatsApp-Image-2022-07-25-at-13.50.51-2-768x1024.jpeg 768w, https:\/\/pfadimurten.ch\/wp-content\/uploads\/2022\/07\/WhatsApp-Image-2022-07-25-at-13.50.51-2-1152x1536.jpeg 1152w, https:\/\/pfadimurten.ch\/wp-content\/uploads\/2022\/07\/WhatsApp-Image-2022-07-25-at-13.50.51-2-600x800.jpeg 600w, https:\/\/pfadimurten.ch\/wp-content\/uploads\/2022\/07\/WhatsApp-Image-2022-07-25-at-13.50.51-2.jpeg 1536w\" sizes=\"(max-width: 225px) 100vw, 225px\" \/><\/div>\n\t\t<\/a>\n\t\t\t\t<div class=\"elementor-post__text\">\n\t\t\t\t<h3 class=\"elementor-post__title\">\n\t\t\t<a href=\"https:\/\/pfadimurten.ch\/index.php\/2022\/07\/25\/wolf\/\" >\n\t\t\t\tW\u00f6lfe &#8211; Erster Tag 24.07.\t\t\t<\/a>\n\t\t<\/h3>\n\t\t\t\t<div class=\"elementor-post__meta-data\">\n\t\t\t\t\t<span class=\"elementor-post-date\">\n\t\t\t25. Juli 2022\t\t<\/span>\n\t\t\t\t<span class=\"elementor-post-avatar\">\n\t\t\tKeine Kommentare\t\t<\/span>\n\t\t\t\t<\/div>\n\t\t\t\t<div class=\"elementor-post__excerpt\">\n\t\t\t\t\t<\/div>\n\t\t\n\t\t<a class=\"elementor-post__read-more\" href=\"https:\/\/pfadimurten.ch\/index.php\/2022\/07\/25\/wolf\/\" aria-label=\"Read more about W\u00f6lfe &#8211; Erster Tag 24.07.\" tabindex=\"-1\" >\n\t\t\tWeiterlesen &gt;\t\t<\/a>\n\n\t\t\t\t<\/div>\n\t\t\t\t<\/article>\n\t\t\t\t<article class=\"elementor-post elementor-grid-item post-10534 post type-post status-publish format-standard has-post-thumbnail hentry category-alle-stufen category-mova\">\n\t\t\t\t<a class=\"elementor-post__thumbnail__link\" href=\"https:\/\/pfadimurten.ch\/index.php\/2022\/07\/22\/pio-wir-freuen-uns-auf-euch\/\" tabindex=\"-1\" >\n\t\t\t<div class=\"elementor-post__thumbnail\"><img loading=\"lazy\" decoding=\"async\" width=\"300\" height=\"200\" src=\"https:\/\/pfadimurten.ch\/wp-content\/uploads\/2022\/07\/DSC5695-300x200.jpg\" class=\"attachment-medium size-medium wp-image-10539\" alt=\"\" srcset=\"https:\/\/pfadimurten.ch\/wp-content\/uploads\/2022\/07\/DSC5695-300x200.jpg 300w, https:\/\/pfadimurten.ch\/wp-content\/uploads\/2022\/07\/DSC5695-1024x683.jpg 1024w, https:\/\/pfadimurten.ch\/wp-content\/uploads\/2022\/07\/DSC5695-768x512.jpg 768w, https:\/\/pfadimurten.ch\/wp-content\/uploads\/2022\/07\/DSC5695-1536x1024.jpg 1536w, https:\/\/pfadimurten.ch\/wp-content\/uploads\/2022\/07\/DSC5695-2048x1365.jpg 2048w, https:\/\/pfadimurten.ch\/wp-content\/uploads\/2022\/07\/DSC5695-600x400.jpg 600w\" sizes=\"(max-width: 300px) 100vw, 300px\" \/><\/div>\n\t\t<\/a>\n\t\t\t\t<div class=\"elementor-post__text\">\n\t\t\t\t<h3 class=\"elementor-post__title\">\n\t\t\t<a href=\"https:\/\/pfadimurten.ch\/index.php\/2022\/07\/22\/pio-wir-freuen-uns-auf-euch\/\" >\n\t\t\t\tAlle Stufen &#8211; Wir freuen uns auf euch\t\t\t<\/a>\n\t\t<\/h3>\n\t\t\t\t<div class=\"elementor-post__meta-data\">\n\t\t\t\t\t<span class=\"elementor-post-date\">\n\t\t\t22. Juli 2022\t\t<\/span>\n\t\t\t\t<span class=\"elementor-post-avatar\">\n\t\t\t4\u00a0Kommentare\t\t<\/span>\n\t\t\t\t<\/div>\n\t\t\t\t<div class=\"elementor-post__excerpt\">\n\t\t\t<p>Morgen ist es soweit das Mova beginnt. Wir sind bereits fleissig mit dem Aufbau besch\u00e4ftigt. Ihr k\u00f6nnt euch auf grosse und Imposante Lagerbauten freuen. Der<\/p>\n\t\t<\/div>\n\t\t\n\t\t<a class=\"elementor-post__read-more\" href=\"https:\/\/pfadimurten.ch\/index.php\/2022\/07\/22\/pio-wir-freuen-uns-auf-euch\/\" aria-label=\"Read more about Alle Stufen &#8211; Wir freuen uns auf euch\" tabindex=\"-1\" >\n\t\t\tWeiterlesen &gt;\t\t<\/a>\n\n\t\t\t\t<\/div>\n\t\t\t\t<\/article>\n\t\t\t\t<article class=\"elementor-post elementor-grid-item post-10500 post type-post status-publish format-standard has-post-thumbnail hentry category-mova\">\n\t\t\t\t<a class=\"elementor-post__thumbnail__link\" href=\"https:\/\/pfadimurten.ch\/index.php\/2022\/07\/22\/beitrag-radio-freiburg-21-07-2022\/\" tabindex=\"-1\" >\n\t\t\t<div class=\"elementor-post__thumbnail\"><img loading=\"lazy\" decoding=\"async\" width=\"300\" height=\"169\" src=\"https:\/\/pfadimurten.ch\/wp-content\/uploads\/2022\/07\/95qWYV8AXQCfWbM7JYSQjG9i1xdt1iyIF5ZY2gsM-300x169.png\" class=\"attachment-medium size-medium wp-image-10523\" alt=\"\" srcset=\"https:\/\/pfadimurten.ch\/wp-content\/uploads\/2022\/07\/95qWYV8AXQCfWbM7JYSQjG9i1xdt1iyIF5ZY2gsM-300x169.png 300w, https:\/\/pfadimurten.ch\/wp-content\/uploads\/2022\/07\/95qWYV8AXQCfWbM7JYSQjG9i1xdt1iyIF5ZY2gsM-768x432.png 768w, https:\/\/pfadimurten.ch\/wp-content\/uploads\/2022\/07\/95qWYV8AXQCfWbM7JYSQjG9i1xdt1iyIF5ZY2gsM-600x338.png 600w, https:\/\/pfadimurten.ch\/wp-content\/uploads\/2022\/07\/95qWYV8AXQCfWbM7JYSQjG9i1xdt1iyIF5ZY2gsM.png 844w\" sizes=\"(max-width: 300px) 100vw, 300px\" \/><\/div>\n\t\t<\/a>\n\t\t\t\t<div class=\"elementor-post__text\">\n\t\t\t\t<h3 class=\"elementor-post__title\">\n\t\t\t<a href=\"https:\/\/pfadimurten.ch\/index.php\/2022\/07\/22\/beitrag-radio-freiburg-21-07-2022\/\" >\n\t\t\t\tPfader &#8211; Beitr\u00e4ge Radio Freiburg\t\t\t<\/a>\n\t\t<\/h3>\n\t\t\t\t<div class=\"elementor-post__meta-data\">\n\t\t\t\t\t<span class=\"elementor-post-date\">\n\t\t\t22. Juli 2022\t\t<\/span>\n\t\t\t\t<span class=\"elementor-post-avatar\">\n\t\t\tEin Kommentar\t\t<\/span>\n\t\t\t\t<\/div>\n\t\t\t\t<div class=\"elementor-post__excerpt\">\n\t\t\t<p>Die Pfadi Murten auf Radio Freiburg! W\u00e4hrend dem Mova macht Emoji t\u00e4glich einen Bericht f\u00fcr Radio Freiburg diese Berichte sind auf frapp.ch zu finden. Unten<\/p>\n\t\t<\/div>\n\t\t\n\t\t<a class=\"elementor-post__read-more\" href=\"https:\/\/pfadimurten.ch\/index.php\/2022\/07\/22\/beitrag-radio-freiburg-21-07-2022\/\" aria-label=\"Read more about Pfader &#8211; Beitr\u00e4ge Radio Freiburg\" tabindex=\"-1\" >\n\t\t\tWeiterlesen &gt;\t\t<\/a>\n\n\t\t\t\t<\/div>\n\t\t\t\t<\/article>\n\t\t\t\t<article class=\"elementor-post elementor-grid-item post-10506 post type-post status-publish format-standard has-post-thumbnail hentry category-mova category-wolfsstufe\">\n\t\t\t\t<a class=\"elementor-post__thumbnail__link\" href=\"https:\/\/pfadimurten.ch\/index.php\/2022\/07\/22\/woelfe-aufbau\/\" tabindex=\"-1\" >\n\t\t\t<div class=\"elementor-post__thumbnail\"><img loading=\"lazy\" decoding=\"async\" width=\"300\" height=\"225\" src=\"https:\/\/pfadimurten.ch\/wp-content\/uploads\/2022\/07\/photo_2022-07-22_10-03-19-300x225.jpg\" class=\"attachment-medium size-medium wp-image-10508\" alt=\"\" srcset=\"https:\/\/pfadimurten.ch\/wp-content\/uploads\/2022\/07\/photo_2022-07-22_10-03-19-300x225.jpg 300w, https:\/\/pfadimurten.ch\/wp-content\/uploads\/2022\/07\/photo_2022-07-22_10-03-19-1024x768.jpg 1024w, https:\/\/pfadimurten.ch\/wp-content\/uploads\/2022\/07\/photo_2022-07-22_10-03-19-768x576.jpg 768w, https:\/\/pfadimurten.ch\/wp-content\/uploads\/2022\/07\/photo_2022-07-22_10-03-19-600x450.jpg 600w, https:\/\/pfadimurten.ch\/wp-content\/uploads\/2022\/07\/photo_2022-07-22_10-03-19.jpg 1280w\" sizes=\"(max-width: 300px) 100vw, 300px\" \/><\/div>\n\t\t<\/a>\n\t\t\t\t<div class=\"elementor-post__text\">\n\t\t\t\t<h3 class=\"elementor-post__title\">\n\t\t\t<a href=\"https:\/\/pfadimurten.ch\/index.php\/2022\/07\/22\/woelfe-aufbau\/\" >\n\t\t\t\tW\u00f6lfe &#8211; Aufbau\t\t\t<\/a>\n\t\t<\/h3>\n\t\t\t\t<div class=\"elementor-post__meta-data\">\n\t\t\t\t\t<span class=\"elementor-post-date\">\n\t\t\t22. Juli 2022\t\t<\/span>\n\t\t\t\t<span class=\"elementor-post-avatar\">\n\t\t\tEin Kommentar\t\t<\/span>\n\t\t\t\t<\/div>\n\t\t\t\t<div class=\"elementor-post__excerpt\">\n\t\t\t<p>Ab jetzt ist alles bereit, f\u00fcr den Sonntag, wenn die W\u00f6lfe anreisen. In den letzten Tagen haben wir ein K\u00fcchenzelt, ein Sarasani als Aufenthaltzelt und<\/p>\n\t\t<\/div>\n\t\t\n\t\t<a class=\"elementor-post__read-more\" href=\"https:\/\/pfadimurten.ch\/index.php\/2022\/07\/22\/woelfe-aufbau\/\" aria-label=\"Read more about W\u00f6lfe &#8211; Aufbau\" tabindex=\"-1\" >\n\t\t\tWeiterlesen &gt;\t\t<\/a>\n\n\t\t\t\t<\/div>\n\t\t\t\t<\/article>\n\t\t\t\t<article class=\"elementor-post elementor-grid-item post-10467 post type-post status-publish format-standard has-post-thumbnail hentry category-mova category-piostufe\">\n\t\t\t\t<a class=\"elementor-post__thumbnail__link\" href=\"https:\/\/pfadimurten.ch\/index.php\/2022\/07\/21\/pio-das-material-ist-auf-dem-weg-ins-mova\/\" tabindex=\"-1\" >\n\t\t\t<div class=\"elementor-post__thumbnail\"><img loading=\"lazy\" decoding=\"async\" width=\"300\" height=\"200\" src=\"https:\/\/pfadimurten.ch\/wp-content\/uploads\/2022\/07\/DSC5686-300x200.jpg\" class=\"attachment-medium size-medium wp-image-10481\" alt=\"\" srcset=\"https:\/\/pfadimurten.ch\/wp-content\/uploads\/2022\/07\/DSC5686-300x200.jpg 300w, https:\/\/pfadimurten.ch\/wp-content\/uploads\/2022\/07\/DSC5686-1024x683.jpg 1024w, https:\/\/pfadimurten.ch\/wp-content\/uploads\/2022\/07\/DSC5686-768x512.jpg 768w, https:\/\/pfadimurten.ch\/wp-content\/uploads\/2022\/07\/DSC5686-1536x1024.jpg 1536w, https:\/\/pfadimurten.ch\/wp-content\/uploads\/2022\/07\/DSC5686-2048x1365.jpg 2048w, https:\/\/pfadimurten.ch\/wp-content\/uploads\/2022\/07\/DSC5686-600x400.jpg 600w\" sizes=\"(max-width: 300px) 100vw, 300px\" \/><\/div>\n\t\t<\/a>\n\t\t\t\t<div class=\"elementor-post__text\">\n\t\t\t\t<h3 class=\"elementor-post__title\">\n\t\t\t<a href=\"https:\/\/pfadimurten.ch\/index.php\/2022\/07\/21\/pio-das-material-ist-auf-dem-weg-ins-mova\/\" >\n\t\t\t\tPio &#8211; Das Material ist auf dem Weg ins Mova\t\t\t<\/a>\n\t\t<\/h3>\n\t\t\t\t<div class=\"elementor-post__meta-data\">\n\t\t\t\t\t<span class=\"elementor-post-date\">\n\t\t\t21. Juli 2022\t\t<\/span>\n\t\t\t\t<span class=\"elementor-post-avatar\">\n\t\t\tEin Kommentar\t\t<\/span>\n\t\t\t\t<\/div>\n\t\t\t\t<div class=\"elementor-post__excerpt\">\n\t\t\t<p>Vier Tage vor dem Mova Am Dienstag haben wir das Material f\u00fcr unser Lager in den Lastwagen eingeladen. Am Mittwochmorgen sind wir um 4:30 mit<\/p>\n\t\t<\/div>\n\t\t\n\t\t<a class=\"elementor-post__read-more\" href=\"https:\/\/pfadimurten.ch\/index.php\/2022\/07\/21\/pio-das-material-ist-auf-dem-weg-ins-mova\/\" aria-label=\"Read more about Pio &#8211; Das Material ist auf dem Weg ins Mova\" tabindex=\"-1\" >\n\t\t\tWeiterlesen &gt;\t\t<\/a>\n\n\t\t\t\t<\/div>\n\t\t\t\t<\/article>\n\t\t\t\t<article class=\"elementor-post elementor-grid-item post-10433 post type-post status-publish format-standard has-post-thumbnail hentry category-alle-stufen category-mova\">\n\t\t\t\t<a class=\"elementor-post__thumbnail__link\" href=\"https:\/\/pfadimurten.ch\/index.php\/2022\/07\/20\/bald-geht-es-los\/\" tabindex=\"-1\" >\n\t\t\t<div class=\"elementor-post__thumbnail\"><img loading=\"lazy\" decoding=\"async\" width=\"300\" height=\"300\" src=\"https:\/\/pfadimurten.ch\/wp-content\/uploads\/2022\/07\/mova_Spotify_Cover_v2-1024x1024-1-300x300.webp\" class=\"attachment-medium size-medium wp-image-10434\" alt=\"\" srcset=\"https:\/\/pfadimurten.ch\/wp-content\/uploads\/2022\/07\/mova_Spotify_Cover_v2-1024x1024-1-300x300.webp 300w, https:\/\/pfadimurten.ch\/wp-content\/uploads\/2022\/07\/mova_Spotify_Cover_v2-1024x1024-1.webp 1024w, https:\/\/pfadimurten.ch\/wp-content\/uploads\/2022\/07\/mova_Spotify_Cover_v2-1024x1024-1-150x150.webp 150w, https:\/\/pfadimurten.ch\/wp-content\/uploads\/2022\/07\/mova_Spotify_Cover_v2-1024x1024-1-768x768.webp 768w, https:\/\/pfadimurten.ch\/wp-content\/uploads\/2022\/07\/mova_Spotify_Cover_v2-1024x1024-1-600x600.webp 600w, https:\/\/pfadimurten.ch\/wp-content\/uploads\/2022\/07\/mova_Spotify_Cover_v2-1024x1024-1-100x100.webp 100w\" sizes=\"(max-width: 300px) 100vw, 300px\" \/><\/div>\n\t\t<\/a>\n\t\t\t\t<div class=\"elementor-post__text\">\n\t\t\t\t<h3 class=\"elementor-post__title\">\n\t\t\t<a href=\"https:\/\/pfadimurten.ch\/index.php\/2022\/07\/20\/bald-geht-es-los\/\" >\n\t\t\t\tBald geht es los!\t\t\t<\/a>\n\t\t<\/h3>\n\t\t\t\t<div class=\"elementor-post__meta-data\">\n\t\t\t\t\t<span class=\"elementor-post-date\">\n\t\t\t20. Juli 2022\t\t<\/span>\n\t\t\t\t<span class=\"elementor-post-avatar\">\n\t\t\t2\u00a0Kommentare\t\t<\/span>\n\t\t\t\t<\/div>\n\t\t\t\t<div class=\"elementor-post__excerpt\">\n\t\t\t<p>Im Mova Blog werden w\u00e4hrend dem Lager Fotos, Videos, Berichte sowie die Beitr\u00e4ge von Emoji f\u00fcr Radio Freiburg zu finden sein. Es werden aus allen<\/p>\n\t\t<\/div>\n\t\t\n\t\t<a class=\"elementor-post__read-more\" href=\"https:\/\/pfadimurten.ch\/index.php\/2022\/07\/20\/bald-geht-es-los\/\" aria-label=\"Read more about Bald geht es los!\" tabindex=\"-1\" >\n\t\t\tWeiterlesen &gt;\t\t<\/a>\n\n\t\t\t\t<\/div>\n\t\t\t\t<\/article>\n\t\t\t\t<\/div>\n\t\t\n\t\t\t\t<\/div>\n\t\t\t\t<\/div>\n\t\t\t\t\t<\/div>\n\t\t<\/div>\n\t\t\t\t\t<\/div>\n\t\t<\/section>\n\t\t\t\t<\/div>\n\t\t","protected":false},"excerpt":{"rendered":"","protected":false},"author":5,"featured_media":0,"parent":0,"menu_order":0,"comment_status":"closed","ping_status":"closed","template":"","meta":{"footnotes":""},"jetpack_sharing_enabled":true,"publishpress_future_action":{"enabled":false,"date":"2026-04-26 04:37:28","action":"change-status","newStatus":"draft","terms":[],"taxonomy":""},"_links":{"self":[{"href":"https:\/\/pfadimurten.ch\/index.php\/wp-json\/wp\/v2\/pages\/10424"}],"collection":[{"href":"https:\/\/pfadimurten.ch\/index.php\/wp-json\/wp\/v2\/pages"}],"about":[{"href":"https:\/\/pfadimurten.ch\/index.php\/wp-json\/wp\/v2\/types\/page"}],"author":[{"embeddable":true,"href":"https:\/\/pfadimurten.ch\/index.php\/wp-json\/wp\/v2\/users\/5"}],"replies":[{"embeddable":true,"href":"https:\/\/pfadimurten.ch\/index.php\/wp-json\/wp\/v2\/comments?post=10424"}],"version-history":[{"count":5,"href":"https:\/\/pfadimurten.ch\/index.php\/wp-json\/wp\/v2\/pages\/10424\/revisions"}],"predecessor-version":[{"id":10445,"href":"https:\/\/pfadimurten.ch\/index.php\/wp-json\/wp\/v2\/pages\/10424\/revisions\/10445"}],"wp:attachment":[{"href":"https:\/\/pfadimurten.ch\/index.php\/wp-json\/wp\/v2\/media?parent=10424"}],"curies":[{"name":"wp","href":"https:\/\/api.w.org\/{rel}","templated":true}]}}