{"id":11640,"date":"2023-04-29T23:31:57","date_gmt":"2023-04-29T21:31:57","guid":{"rendered":"https:\/\/pfadimurten.ch\/?page_id=11640"},"modified":"2026-02-26T11:02:11","modified_gmt":"2026-02-26T10:02:11","slug":"pfi-la-pios-und-leitpfadis","status":"publish","type":"page","link":"https:\/\/pfadimurten.ch\/index.php\/pfi-la-pios-und-leitpfadis\/","title":{"rendered":"Abteilungssola 2026"},"content":{"rendered":"\t\t<div data-elementor-type=\"wp-page\" data-elementor-id=\"11640\" class=\"elementor elementor-11640\" data-elementor-post-type=\"page\">\n\t\t\t\t\t\t<section class=\"elementor-section elementor-top-section elementor-element elementor-element-a5fa0d6 elementor-section-boxed elementor-section-height-default elementor-section-height-default\" data-id=\"a5fa0d6\" data-element_type=\"section\">\n\t\t\t\t\t\t<div class=\"elementor-container elementor-column-gap-default\">\n\t\t\t\t\t<div class=\"elementor-column elementor-col-100 elementor-top-column elementor-element elementor-element-362a933\" data-id=\"362a933\" data-element_type=\"column\">\n\t\t\t<div class=\"elementor-widget-wrap elementor-element-populated\">\n\t\t\t\t\t\t<div class=\"elementor-element elementor-element-051d2bc elementor-widget-divider--view-line elementor-widget elementor-widget-divider\" data-id=\"051d2bc\" data-element_type=\"widget\" data-widget_type=\"divider.default\">\n\t\t\t\t<div class=\"elementor-widget-container\">\n\t\t\t\t\t<div class=\"elementor-divider\">\n\t\t\t<span class=\"elementor-divider-separator\">\n\t\t\t\t\t\t<\/span>\n\t\t<\/div>\n\t\t\t\t<\/div>\n\t\t\t\t<\/div>\n\t\t\t\t<div class=\"elementor-element elementor-element-88b1dd4 elementor-widget elementor-widget-heading\" data-id=\"88b1dd4\" data-element_type=\"widget\" data-widget_type=\"heading.default\">\n\t\t\t\t<div class=\"elementor-widget-container\">\n\t\t\t<h2 class=\"elementor-heading-title elementor-size-default\">Abteilungssola 2026<\/h2>\t\t<\/div>\n\t\t\t\t<\/div>\n\t\t\t\t<div class=\"elementor-element elementor-element-6f5019e elementor-widget elementor-widget-text-editor\" data-id=\"6f5019e\" data-element_type=\"widget\" data-widget_type=\"text-editor.default\">\n\t\t\t\t<div class=\"elementor-widget-container\">\n\t\t\t\t\t\t\t<p>Liebe W\u00f6lfe, leibe Pfader, liebe Pios und liebe Eltern<\/p><p>Auch dieses Jahr werden wir ein Abteilungssola durchf\u00fchren.\u00a0<\/p><p>Wir werden diesen Sommer eine Woche zusammen ins Lager gehen. Und zwar vom Montag 13.07.2026 bis Sonntag 19.07.2026.\u00a0<\/p><p>Wir werden das Lager in St\u00e4fa verbringen:<br \/>Pfadiheim Olymp St\u00e4fa-Hombrechtikon<br \/>Tolerstrasse<br \/>8712 St\u00e4fa<\/p><p>Kosten: ca. 150 (die Kosten k\u00f6nnen noch etwas abweichen)<\/p><p>Kontakt:<\/p><p>Hauptlagerleitung: Abeille v\/o Sarah Schneiter (per Whatsapp: 079 236 58 96 oder per Mail: abeille@pfadimurten.ch ) oder Emoji v\/o Flurina B\u00fchler (per Whatsapp: 077 405 08 92 oder per Mail: emoji@pfadimurten.ch)<\/p><p>Anliegen zur Wolfsstufe: Emoji v\/o Flurina B\u00fchler (per Whatsapp: 077 405 08 92 oder per Mail: emoji@pfadimurten.ch)<\/p><p>Anliegen zur Pfadistufe: Lago v\/o Elio Sch\u00e4rli (per Whatsapp: 079 714 13 00 oder per Mail: elio.schaerli@bluewin.ch)<\/p><p>Anliegen zur Piostufe: Abeille v\/o Sarah Schneiter (per Whatsapp: 079 236 58 96 oder per Mail: abeille@pfadimurten.ch)<\/p><p>Link zur Anmeldung:<\/p><p>Wolfsstufe: https:\/\/db.scout.ch\/de\/groups\/4858\/events\/33116?shared_access_token=i4yTMY5mhqsj-hThzDM_<\/p><p>Pfadistufe: https:\/\/db.scout.ch\/de\/groups\/4859\/events\/33117?shared_access_token=4Yy2yskzR43ypbr2SjkD<\/p><p>Piostufe: https:\/\/db.scout.ch\/de\/groups\/9961\/events\/33118?shared_access_token=uLDzzZxxokT7QYnLNCYJ<\/p><p>Die ersten Informationen folgen ca. Mitte Januar per mail.<\/p><p>Wir freuen uns schon bald mit euch das So-La zu verbringen.<br \/>Bis bald euer So-La Team\u00a0<\/p>\t\t\t\t\t\t<\/div>\n\t\t\t\t<\/div>\n\t\t\t\t<div class=\"elementor-element elementor-element-b52c95d elementor-widget-divider--view-line elementor-widget elementor-widget-divider\" data-id=\"b52c95d\" data-element_type=\"widget\" data-widget_type=\"divider.default\">\n\t\t\t\t<div class=\"elementor-widget-container\">\n\t\t\t\t\t<div class=\"elementor-divider\">\n\t\t\t<span class=\"elementor-divider-separator\">\n\t\t\t\t\t\t<\/span>\n\t\t<\/div>\n\t\t\t\t<\/div>\n\t\t\t\t<\/div>\n\t\t\t\t<div class=\"elementor-element elementor-element-2e2322e elementor-widget elementor-widget-heading\" data-id=\"2e2322e\" data-element_type=\"widget\" data-widget_type=\"heading.default\">\n\t\t\t\t<div class=\"elementor-widget-container\">\n\t\t\t<h2 class=\"elementor-heading-title elementor-size-default\">Notfallblatt<\/h2>\t\t<\/div>\n\t\t\t\t<\/div>\n\t\t\t\t<div class=\"elementor-element elementor-element-21ee782 elementor-widget elementor-widget-text-editor\" data-id=\"21ee782\" data-element_type=\"widget\" data-widget_type=\"text-editor.default\">\n\t\t\t\t<div class=\"elementor-widget-container\">\n\t\t\t\t\t\t\t<p>Bitte lade das Notfallblatt herunter und f\u00fclle es aus. wenn das Notfallblatt ausgef\u00fcllt und Unterschrieben ist, sende das Notfallblatt via Mail oder Whatsapp an Schifu. Nimm bitte das ausgef\u00fcllt Notfallblatt auch ins Lager mit!!!<\/p>\t\t\t\t\t\t<\/div>\n\t\t\t\t<\/div>\n\t\t\t\t<div class=\"elementor-element elementor-element-8d54854 elementor-widget elementor-widget-button\" data-id=\"8d54854\" data-element_type=\"widget\" data-widget_type=\"button.default\">\n\t\t\t\t<div class=\"elementor-widget-container\">\n\t\t\t\t\t<div class=\"elementor-button-wrapper\">\n\t\t\t<a class=\"elementor-button elementor-button-link elementor-size-sm\" href=\"https:\/\/pfadi.swiss\/media\/files\/43\/07_lager_notfallinfos_de_web_form.pdf\">\n\t\t\t\t\t\t<span class=\"elementor-button-content-wrapper\">\n\t\t\t\t\t\t<span class=\"elementor-button-icon elementor-align-icon-left\">\n\t\t\t\t<i aria-hidden=\"true\" class=\"fas fa-download\"><\/i>\t\t\t<\/span>\n\t\t\t\t\t\t\t\t\t<span class=\"elementor-button-text\">Download<\/span>\n\t\t\t\t\t<\/span>\n\t\t\t\t\t<\/a>\n\t\t<\/div>\n\t\t\t\t<\/div>\n\t\t\t\t<\/div>\n\t\t\t\t<div class=\"elementor-element elementor-element-fda1951 elementor-widget-divider--view-line elementor-widget elementor-widget-divider\" data-id=\"fda1951\" data-element_type=\"widget\" data-widget_type=\"divider.default\">\n\t\t\t\t<div class=\"elementor-widget-container\">\n\t\t\t\t\t<div class=\"elementor-divider\">\n\t\t\t<span class=\"elementor-divider-separator\">\n\t\t\t\t\t\t<\/span>\n\t\t<\/div>\n\t\t\t\t<\/div>\n\t\t\t\t<\/div>\n\t\t\t\t<div class=\"elementor-element elementor-element-a259403 elementor-widget elementor-widget-heading\" data-id=\"a259403\" data-element_type=\"widget\" data-widget_type=\"heading.default\">\n\t\t\t\t<div class=\"elementor-widget-container\">\n\t\t\t<h2 class=\"elementor-heading-title elementor-size-default\">Mitnehmen<\/h2>\t\t<\/div>\n\t\t\t\t<\/div>\n\t\t\t\t<div class=\"elementor-element elementor-element-8ee792c elementor-widget elementor-widget-heading\" data-id=\"8ee792c\" data-element_type=\"widget\" data-widget_type=\"heading.default\">\n\t\t\t\t<div class=\"elementor-widget-container\">\n\t\t\t<h3 class=\"elementor-heading-title elementor-size-default\">Anziehen<\/h3>\t\t<\/div>\n\t\t\t\t<\/div>\n\t\t\t\t<div class=\"elementor-element elementor-element-4cdeccd elementor-widget elementor-widget-text-editor\" data-id=\"4cdeccd\" data-element_type=\"widget\" data-widget_type=\"text-editor.default\">\n\t\t\t\t<div class=\"elementor-widget-container\">\n\t\t\t\t\t\t\t<p>\u00a0<\/p><ul><li>Pfadihemd und Pfadikrawatte<\/li><li>Dem Wetter angepasste Kleidung: Bei Regen Regenschutz (Hose und Jacke) Bei gutem Wetter Sonnenschutz (Hut, Brille, Creme)<\/li><li>Du darfst dein Handy mitnehmen, die Handyregeln werden im Lager bekanntgegeben und besprochen.<\/li><\/ul>\t\t\t\t\t\t<\/div>\n\t\t\t\t<\/div>\n\t\t\t\t<div class=\"elementor-element elementor-element-d79c682 elementor-widget elementor-widget-heading\" data-id=\"d79c682\" data-element_type=\"widget\" data-widget_type=\"heading.default\">\n\t\t\t\t<div class=\"elementor-widget-container\">\n\t\t\t<h3 class=\"elementor-heading-title elementor-size-default\">Im Rucksack<\/h3>\t\t<\/div>\n\t\t\t\t<\/div>\n\t\t\t\t<div class=\"elementor-element elementor-element-46a1906 elementor-widget elementor-widget-text-editor\" data-id=\"46a1906\" data-element_type=\"widget\" data-widget_type=\"text-editor.default\">\n\t\t\t\t<div class=\"elementor-widget-container\">\n\t\t\t\t\t\t\t<ul><li>Unterhosen und Socken<\/li><li>Sportliche Kleidung (T-Shirt und Hose)<\/li><li>Sportschuhe<\/li><li>Ersatzkleider f\u00fcr drei Tage (Hosen, Pullis, T-Shirts)\u00a0<\/li><li>Lange und kurze Hosen<\/li><li>Frottetuch<\/li><li>Badehosen<\/li><li>Warme Kleidung (Am Abend kann es kalt werden)<\/li><li>Schlafsack<\/li><li>M\u00e4tteli<\/li><li>Regen und Sonnenschutz wenn am Samstag nicht ben\u00f6tig<\/li><li>Handyladeger\u00e4t<\/li><li>Toilettenartikel (Zahnb\u00fcrste, Zahnpasta, Deo, Medikamente, etc.)<\/li><li>Stirnlampe<\/li><li>Schreibzeug<\/li><li>Finken<\/li><\/ul>\t\t\t\t\t\t<\/div>\n\t\t\t\t<\/div>\n\t\t\t\t<div class=\"elementor-element elementor-element-dc3b953 elementor-widget elementor-widget-heading\" data-id=\"dc3b953\" data-element_type=\"widget\" data-widget_type=\"heading.default\">\n\t\t\t\t<div class=\"elementor-widget-container\">\n\t\t\t<h3 class=\"elementor-heading-title elementor-size-default\">Oben im Rucksack f\u00fcr den ersten Tag\n<\/h3>\t\t<\/div>\n\t\t\t\t<\/div>\n\t\t\t\t<div class=\"elementor-element elementor-element-998322f elementor-widget elementor-widget-text-editor\" data-id=\"998322f\" data-element_type=\"widget\" data-widget_type=\"text-editor.default\">\n\t\t\t\t<div class=\"elementor-widget-container\">\n\t\t\t\t\t\t\t<ul><li>Trinkflasche<\/li><li>Lunch<\/li><li>Sackmesser<\/li><li>Lagerbeitrag\u00a0<\/li><li>Portemonnaie<\/li><\/ul>\t\t\t\t\t\t<\/div>\n\t\t\t\t<\/div>\n\t\t\t\t<div class=\"elementor-element elementor-element-c442cdf elementor-widget elementor-widget-heading\" data-id=\"c442cdf\" data-element_type=\"widget\" data-widget_type=\"heading.default\">\n\t\t\t\t<div class=\"elementor-widget-container\">\n\t\t\t<h2 class=\"elementor-heading-title elementor-size-default\">Noch Fragen<\/h2>\t\t<\/div>\n\t\t\t\t<\/div>\n\t\t\t\t\t<\/div>\n\t\t<\/div>\n\t\t\t\t\t<\/div>\n\t\t<\/section>\n\t\t\t\t<\/div>\n\t\t","protected":false},"excerpt":{"rendered":"<p>Abteilungssola 2026 Liebe W\u00f6lfe, leibe Pfader, liebe Pios und liebe Eltern Auch dieses Jahr werden wir ein Abteilungssola durchf\u00fchren.\u00a0 Wir werden diesen Sommer eine Woche [&hellip;] <span class=\"read-more-link\"><a class=\"read-more\" href=\"https:\/\/pfadimurten.ch\/index.php\/pfi-la-pios-und-leitpfadis\/\">Read More<\/a><\/span><\/p>\n","protected":false},"author":5,"featured_media":0,"parent":0,"menu_order":0,"comment_status":"closed","ping_status":"closed","template":"","meta":{"footnotes":""},"jetpack_sharing_enabled":true,"publishpress_future_action":{"enabled":false,"date":"2026-04-26 03:34:17","action":"change-status","newStatus":"draft","terms":[],"taxonomy":""},"_links":{"self":[{"href":"https:\/\/pfadimurten.ch\/index.php\/wp-json\/wp\/v2\/pages\/11640"}],"collection":[{"href":"https:\/\/pfadimurten.ch\/index.php\/wp-json\/wp\/v2\/pages"}],"about":[{"href":"https:\/\/pfadimurten.ch\/index.php\/wp-json\/wp\/v2\/types\/page"}],"author":[{"embeddable":true,"href":"https:\/\/pfadimurten.ch\/index.php\/wp-json\/wp\/v2\/users\/5"}],"replies":[{"embeddable":true,"href":"https:\/\/pfadimurten.ch\/index.php\/wp-json\/wp\/v2\/comments?post=11640"}],"version-history":[{"count":26,"href":"https:\/\/pfadimurten.ch\/index.php\/wp-json\/wp\/v2\/pages\/11640\/revisions"}],"predecessor-version":[{"id":12469,"href":"https:\/\/pfadimurten.ch\/index.php\/wp-json\/wp\/v2\/pages\/11640\/revisions\/12469"}],"wp:attachment":[{"href":"https:\/\/pfadimurten.ch\/index.php\/wp-json\/wp\/v2\/media?parent=11640"}],"curies":[{"name":"wp","href":"https:\/\/api.w.org\/{rel}","templated":true}]}}